 2 + (-4 - -3)
2
Calculate -3 + (4 + -4 - -5).
2
Calculate (-4 - 3 - -10) + -2.
1
What is the value of -3 - (8 + -7 + -5)?
1
Evaluate 1 + -11 + (2 + 0 - -4).
-4
What is -4 - (9 + (-5 - 3))?
-5
4 - (2 - (-6 + -1))
-5
Calculate 0 + 1 + -4 + 3 + -2.
-2
-11 + 6 + 17 + -7
5
Calculate -1 - (4 + -4) - -3.
2
What is the value of 10 + 0 + -1 + -10?
-1
Calculate 3 - 2 - (-3 + 4 - -2).
-2
What is (4 - -3) + -5 + 3 + -6?
-1
What is 9 + -4 + -1 + 1?
5
What is the value of (2 + -8 - -5) + 7 + -3?
3
Evaluate (4 + -2 - 3) + 3 - 5.
-3
-9 + 9 + 2 + -2
0
Evaluate (5 - 8) + -6 - -16.
7
-1 + 0 - ((4 - 2) + 1)
-4
Calculate 7 - (-4 - (-12 + 4)).
3
Evaluate (-8 - (-9 + -1 + 5)) + -3.
-6
Calculate (18 - 18) + (1 - 1 - 6).
-6
What is 6 + -3 + -5 + 5 + -4?
-1
What is (39 - 41) + (3 - -8)?
9
What is the value of -5 + (-4 - -2) + 5?
-2
What is -2 - (7 + -6 + -1)?
-2
Calculate 3 - (3 + 1) - (-7 - -4).
2
-46 + 46 - (1 - 3)
2
What is the value of -4 + (6 - 2 - (-8 - -3))?
5
What is the value of -2 + 2 + 3 + 0?
3
Evaluate 2 + (4 - 2) - 0 - 2.
2
3 + 1 + 0 + -85 + 79
-2
Calculate 16 + -22 - (-16 + 2 - -4).
4
What is the value of 10 + -2 + -21 + 13?
0
Evaluate -4 - (-7 - (2 - 9)).
-4
Evaluate -2 + 0 + (6 - 0 - 2).
2
What is -12 + 16 + (0 - 2) + 0?
2
What is the value of (-2 + -1 - (12 - 12)) + 7?
4
8 - (-14 + 14 - (0 + -5))
3
What is the value of (9 - -1 - 8) + -5?
-3
What is 6 + -6 + 2 + 1?
3
Calculate -5 - (-10 + 2 - -4).
-1
Evaluate -11 + 8 - (-5 - 3).
5
7 - (5 - (3 - 9))
-4
Evaluate 3 - 1 - (-14 - -12).
4
Evaluate (3 - (3 - (-1 - 0))) + 3.
2
Calculate 0 + -2 + (-4 - 2 - -4).
-4
What is -5 + -25 + 28 + -2 + 1?
-3
(-11 + -2 - -25) + -2
10
Calculate (6 - -7) + -7 + (4 - 5).
5
Calculate -43 + 45 - (0 - -9).
-7
-1 + -9 + 26 + -9
7
What is the value of -113 + 106 - (-1 - 6)?
0
Evaluate 27 + -22 - (1 - -1).
3
1 - 10 - -17 - (3 - 1)
6
Evaluate (-13 - -7) + (0 - -4).
-2
Calculate 4 - 0 - 3 - (-1 - 2).
4
Calculate -2 + (-1 - -2) + 2 + -6.
-5
Calculate -11 - (5 + (-20 - -7)) - 5.
-8
What is the value of -2 + (5 - (1 - -2)) + -3?
-3
What is the value of -23 + 18 - (1 + -5 + 3)?
-4
Evaluate -2 + (-17 - -11) + -1.
-9
Evaluate -7 - -2 - (1 - 5).
-1
What is the value of -2 + -1 - (-7 - -7)?
-3
What is the value of 0 + 2 - (14 - 8)?
-4
Calculate 2 + -11 + 6 + 3 - 4.
-4
What is (244 - 238) + -1 + 0 + -2?
3
(-7 - -2) + 4 - -2
1
What is the value of 10 + 0 - (1 - (-6 + 4))?
7
Evaluate -4 + (-2 - 0) + 8.
2
2 - (12 + (-13 - -6))
-3
What is the value of -1 + 0 - (-1 + -1) - -3?
4
Calculate -8 - (5 + -4 + -8) - -9.
8
Evaluate 0 - (-3 + 4) - (8 + -4).
-5
What is the value of 3 + -2 + 5 + 2 + -5?
3
What is the value of -2 + -1 + 6 + -10 + -1?
-8
What is the value of -5 - (5 + 2 - 15)?
3
What is 6 - ((3 - (-7 - -5)) + 0)?
1
What is the value of 5 - (7 + -6 + 1)?
3
Calculate 2 + -2 - 3 - (-2 + -2).
1
What is -7 - 0 - (32 - 43)?
4
-8 + 6 - (-2 + 2)
-2
What is the value of 9 - (-8 - (0 - 16))?
1
Calculate (-9 - 1) + (1 - -3) + 4.
-2
Calculate 3 + 4 + -9 - 1.
-3
-3 + 1 - ((1 - -1) + -1)
-3
Evaluate -4 - (2 - (2 + (4 - 2))).
-2
Calculate -27 + 10 - -9 - (-7 - 0).
-1
What is the value of 3 + (-15 - 5 - -10)?
-7
What is 2 - 1 - (8 + -8 + 6)?
-5
Evaluate (-2 + 4 - 2) + 3 + 1.
4
-7 + 7 + -10 + 6 + 0
-4
Calculate (10 - 8) + 2 + -3 + -2.
-1
Evaluate 8 + (-5 - (0 - 2)).
5
What is the value of 3 - (2 + (3 - 6))?
4
What is the value of -4 + 1 + 4 + 1?
2
Evaluate (2 - -8) + -5 + 2.
7
What is 0 + 2 + -6 - 0?
-4
Evaluate (3 - 6) + 2 - (4 + -4).
-1
What is (-5 - -12 - (4 + -2)) + -2?
3
Evaluate -5 - ((2 + -1 - -7) + -14).
1
Calculate (1 - 4) + (0 - 2).
-5
Evaluate 0 - (1 + 1) - (-28 - -30).
-4
What is -5 - (-2 - (0 - (10 - 7)))?
-6
What is the value of -6 - (9 - ((-3 - 2) + 11))?
-9
What is the value of 4 + (4 - 4 - 4)?
0
(0 - -2) + 0 - -2
4
-1 + -11 + -2 + 9 + -3
-8
Evaluate ((1 - 3) + -1 - -3) + 0.
0
Evaluate (-2 - -2) + (20 - 11) + -15.
-6
What is 5 - (1 - -9) - (-17 + 2)?
10
6 + -5 - (0 + 3) - -2
0
What is the value of 3 - (3 + -2 + 3 - 2)?
1
What is the value of 8 - ((-7 - -8) + 0)?
7
8 + 0 - (-1 - 0)
9
Evaluate 4 + -1 - 3 - -3.
3
-72 + 81 + (0 - 8)
1
Evaluate (37 - 31) + 0 + 1 + -2.
5
Calculate 1 + -14 - (-58 - -48).
-3
Calculate 0 + (-9 - (-3 + -10)).
4
Evaluate (-2 - -6) + 1 - (1 - -3).
1
What is 16 + -6 + (2 - 21)?
-9
What is 13 + -4 + 4 + -6?
7
Calculate 1 - (-9 - -3 - -2).
5
(3 + -4 - -5) + -2
2
What is the value of -7 - (2 - 5 - 5)?
1
What is the value of -6 - (-1 - (-4 - -6))?
-3
Calculate (-2 + 5 - 4) + 6.
5
What is the value of 8 - 16 - -4 - -11?
7
Evaluate 2 - (3 + (2 - 9)) - 3.
3
What is 4 - 0 - 1 - (13 + -16)?
6
Evaluate (-8 - 2 - -1) + (64 - 57).
-2
Evaluate 4 + 2 + -9 - (-6 - 1).
4
What is the value of (0 + 4 + -3 - -2) + -3?
0
-4 + -2 + (-2 - -3) + 4
-1
Evaluate -6 - ((-2 - -4) + -3 + 1).
-6
Calculate 5 - ((1 - 2) + (5 - 3)).
4
Evaluate 1 + 1 - (2 + 4 + -7).
3
Evaluate (-2 - (-4 - -9)) + (4 - 1).
-4
What is the value of (-2 - -5) + -7 - (-1 + -3)?
0
What is -1 - 4 - (26 - 38)?
7
What is the value of 0 - 8 - (-28 + 12 + 12)?
-4
What is 10 - (14 + -14 + 6)?
4
Evaluate -8 + 5 + (2 - 1).
-2
-2 + 6 + 0 + -2 - 1
1
What is 6 - (2 + 2) - (0 - -3)?
-1
Evaluate -12 + (-4 - -1) + 10.
-5
What is the value of 1 - (0 + (-3 - -5))?
-1
What is the value of -8 + -6 + 13 + 3?
2
Evaluate (7 + -7 - (1 - 4)) + -6.
-3
Calculate (-2 - -6) + (-2 - -6) + -3.
5
Calculate 2 + (-1 - -3) + -2.
2
-1 + 7 + -4 + 0
2
What is (0 - 13) + (62 - 53)?
-4
Evaluate 4 - (10 - (-2 + 4) - 1).
-3
3 - (2 - 3 - 2 - -1)
5
What is 14 - (-8 - (6 + -4 - 18))?
6
Calculate (-4 - (1 - 7)) + -4 + 2.
0
Calculate (6 - 1) + (-3 - (-1 - -1)).
2
-2 + (0 - -1 - 2) - 0
-3
What is the value of 11 + (5 - 21) + 9?
4
-2 - -4 - (3 + -2) - 0
1
7 - (7 + (-4 - -2) + 1)
1
What is the value of -33 + 26 - (-10 + 1) - 2?
0
What is 3 + -1 - (9 + -13) - 3?
3
What is the value of -5 + -6 + 13 + -6?
-4
Calculate (-10 - -2) + (-15 - (13 + -33)).
-3
What is -1 - (6 - 6 - -5)?
-6
What is -1 + 1 - (6 - -4 - 5)?
-5
(-2 - -3) + 4 + -2 - 3
0
What is the value of (2 - 2) + -4 + 0?
-4
Calculate 9 - 14 - (-5 - 1).
1
Evaluate 2 - (-6 - -14 - 2).
-4
What is the value of -1 + 7 + -154 + 147?
-1
What is the value of -5 - (2 + 3 + -2 + -5)?
-3
What is 1 - (-2 + 8 - 5)?
0
Calculate 4 + 3 + (3 - (4 + 5)).
1
2 - -2 - -3 - 4 - -4
7
What is the value of -9 - ((-9 - 0) + 2)?
-2
Calculate -15 - (6 + -16 + 1).
-6
What is the value of -2 + -6 - (3 + -5 - 2)?
-4
What is 11 - -1 - (22 + -17) - 4?
3
Calculate (-3 - (0 - 0)) + (56 - 56).
-3
What is (-7 - -3) + (5 - 2) + -1?
-2
What is the value of 0 - 8 - (9 + (-14 - 0))?
-3
What is the value of (5 + -1 - 2 - 0) + 3?
5
What is the value of 0 + 0 + 0 + -3 + 2?
-1
What is the value of 28 + -20 - (7 + 0)?
1
Calculate 4 - -1 - (14 - 4).
-5
Calculate (7 - (9 - 4)) + 0 + -1.
1
Evaluate -4 - (-30 + 10 - -10).
6
15 + -15 - (5 + -1) - -5
1
18 + 2 - (113 - 103)
10
What is (3 - 7) + 1 - (1 + 1)?
-5
What is -60 + 61 + 0 + 1 + 0?
2
What is the value of 7 - (11 - 9 - -3)?
2
-3 + (9 - 6) + -4 + 2
-2
What is -12 - (11 + -20) - (0 + 0)?
-3
(3 - ((3 - 0) + -1)) + -3
-2
Calculate 5 - (-5 - (2 + -7)).
5
What is 4 - (5 - 3) - 7?
-5
-1 - (-4 + 0 + 4)
-1
What is the value of 19 - 15 - (-1 + -1)?
6
What is -6 - (5 - (19 - 6))?
2
4 - (-2 - -2) - 3
1
(-1 + -1 - 0) + (-60 - -65)
3
2 - (-2 - -8) - -1
-3
(-15 - -10) + (3 + -6 - -4)
-4
What is -6 - (-12 - -7) - -5?
4
Calculate (11 + 2 - 6) + -5.
2
What is -6 + (6 - 3) + 2?
-1
Calculate 0 - (-4 + (-2 - -3)) - 6.
-3
What is 2 + 0 + 2 + -1?
3
What is (-4 - (-1 + 0)) + 2 + 3?
2
Evaluate -5 - -5 - (-1 - 1).
2
What is (1 - -5) + -4 + 0?
2
(-2 - (-4 + (-9 - -6))) + 2
7
What is (-1 - (4 - 5)) + -4?
-4
Calculate (-6 - -10) + (-1 - -1 - 0).
4
What is the value of 1 - (1 - 2) - (-27 + 35)?
-6
What is the value of 1 + 4 - (-1 - (-9 - -12))?
9
Evaluate 0 - 2 - (0 + -5 - -2).
1
What is the value of 4 + 3 + 1 + -15 + 2?
-5
Evaluate 2 + -3 - (-8 + 10) - 0.
-3
2 + -2 + -1 + 0
-1
What is -4 - (-7 + 4) - (1 - -1)?
-3
What is -2 + 4 + 4 + -4?
2
Evaluate -3 + 2 + 4 + 3 + 0.
6
4 + (-1 - -1) + -10 + 2
-4
(1 - (-4 - -1) - 10) + 2
-4
1 - 3 - (-7 + 15 + -2)
-8
Calculate (1 - -5) + 34 + -39.
1
What is -1 + (-5 - (-11 + 6))?
-1
Evaluate 2 + (7 - 4 - 4).
1
Evaluate 4 - (2 + 2 + -1 - 2).
3
Evaluate 3 + 2 + (3 - -1 - 5).
4
Calculate 5 - 3 - (24 - 23).
1
Ca